t are the prime factors of (p - (-535)/10)*-6*-1?
3, 109
Suppose -7 = -5*n + 13. Let t be n*-1 - (0 + -128). Suppose -2*d + t = 4*q, q = -0*d + d + 31. List the prime factors of q.
31
Let k(w) = 4*w + 38. Let a be k(-9). Suppose c - 51 = a*g, 3*c = -0*c - 4*g + 113. What are the prime factors of c?
43
Let o be 26/(-39) - (-268)/6. Suppose -435 = -4*l + 5*p + o, -5*p + 403 = 3*l. List the prime factors of l.
2, 3, 7
Let j = 34 - -13. Suppose 3*b + 5*a = 202, -b - a + j = -19. What are the prime factors of b?
2
Let z(x) be the second derivative of -7/3*x**3 + 0 + 1/20*x**5 + 6*x - 13/12*x**4 + 19/2*x**2. What are the prime factors of z(14)?
19
Suppose 5*y + 4*f = 9 + 7, 9 = 3*y + 3*f. Suppose y*a + 3*w = 35, -3*a + 5*w - 15 = -a. Let u(t) = t + 5. List the prime factors of u(a).
2, 5
Let i(m) be the second derivative of m**3 + 6*m**2 + 16*m. List the prime factors of i(7).
2, 3
Let m be 1*(-13)/(52/360). Let k be m/(-25) + 6/15. Suppose 0 = -6*n + n - 3*h + 106, k*n + 5*h = 90. List the prime factors of n.
2, 5
Suppose 7*i = 2*i + 35. Suppose 0 = 5*r - i*r. Let t = r + 11. List the prime factors of t.
11
Let a = 190 - -966. List the prime factors of a.
2, 17
Let q(s) be the first derivative of -3*s**2 - 14*s - 19. What are the prime factors of q(-4)?
2, 5
Let n(x) = -x**3 - 4*x**2 + 3*x + 3. Let w be n(-4). Let f = 20 + w. What are the prime factors of 1048/44 + 2/f?
2, 3
Let m = 2 - -6. Suppose m*n = 4*n + 360. What are the prime factors of (-6)/(-4)*n/5?
3
Suppose 5*g - 3*g - 2 = 0. Let a = 6 + g. Suppose 0 = a*t - 2*t - 165. What are the prime factors of t?
3, 11
Let u(q) = 21*q**2 + 2*q - 1. Let d be u(1). Let f = d + -17. Suppose 5*v + x - 107 = 0, -134 = -f*v - 3*x - 33. What are the prime factors of v?
2, 11
Let v = 45 + 573. Suppose 5*i = v - 208. List the prime factors of i.
2, 41
Let r(h) = 2*h**3 + 2*h**2 + 8*h - 4. What are the prime factors of r(9)?
2, 211
Suppose -4*a - 2*i + 68 = -6*i, 69 = 5*a - i. Let h(v) be the second derivative of -v**4/12 + 13*v**3/6 + 6*v**2 - 52*v. List the prime factors of h(a).
2, 3
Suppose 2*j = -0*j - 2*q - 6, -4*q - 12 = 3*j. Suppose o + j*o - 5 = 0. List the prime factors of (-2)/o + 132/5.
2, 13
Let y = -20 - -74. List the prime factors of ((2 - 0) + -16)/((-4)/y).
3, 7
Let y(l) = 13*l**2 + l - 45. List the prime factors of y(15).
3, 5, 193
Let a be (-2)/(15/6 + -3). Suppose 0 = -2*i - a - 16. What are the prime factors of (-14 - 2)*i/8?
2, 5
Suppose 0 = -6*l - 9 + 27. Suppose -v + 0*c = l*c - 22, 5*v - 72 = 4*c. What are the prime factors of v?
2
Let q be (-2)/4 - 124/(-8). List the prime factors of ((-202)/(-3))/(10/q).
101
Let x(z) = 823*z - 161. List the prime factors of x(6).
17, 281
Let r be (-7)/(-2) + 12/8. Suppose -15 - 25 = u - r*s, 2*u = s - 53. List the prime factors of (20/u)/(4/(-50)).
2, 5
Let q(b) = -5*b**3 - b**2 - 17*b - 15. Let s(k) = -4*k**3 - 16*k - 14. Let v(o) = 5*q(o) - 6*s(o). Let l be v(-7). Let g = -11 + l. List the prime factors of g.
19
Let w(y) be the first derivative of y**2 - 4*y - 5. Suppose -6*a + 20 = -2*a. List the prime factors of w(a).
2, 3
Let h(f) = -14*f + 4*f + 12 + f**2 + 6*f + 11*f. What are the prime factors of h(-13)?
2, 3, 5
Let l = -54 + 50. Let p = 4 - l. List the prime factors of p.
2
Suppose d = 3*x - 217, 2*x - d = 5*x - 215. What are the prime factors of 3/(((-16)/(-4))/x)?
2, 3
Suppose 0 = -2*o + 9 + 1. Suppose -o*h = 2*y - 3*y + 32, -3*h = y. List the prime factors of y.
2, 3
Let m = 14 + -13. Let c(k) = 2*k + m + 0 + 1 + 2. List the prime factors of c(5).
2, 7
Suppose 4*d + 0*y - 4*y - 4120 = 0, 0 = 2*d + y - 2072. What are the prime factors of d?
2, 11, 47
Let s = 565 - -718. List the prime factors of s.
1283
Let q = -262 + 117. Let h be -1*3 + q/(-5). Let s = 44 - h. List the prime factors of s.
2, 3
Let o(r) = 25*r**2 + r + 1. Let j be o(-1). Suppose -j*q + 124 = -23*q. List the prime factors of q.
2, 31
Let v(c) = c + 1. Let g(l) = 2*l - 4. Let k(t) = g(t) - 3*v(t). Let z be k(-9). Suppose -4*s + 42 = z*b, 4*b - 3*s - 16 = 24. What are the prime factors of b?
13
Suppose -13*w = 4*k - 12*w - 1564, 0 = -2*w - 8. List the prime factors of k.
2, 7
Let r be 4/6 - 112/(-21). Suppose r*k = 8*k - 62. What are the prime factors of k?
31
Let r = -182 + 348. Let l = -98 + r. List the prime factors of l.
2, 17
Suppose q - 4027 = -2*k + 3374, 0 = -4*k + 2*q + 14822. What are the prime factors of k?
7, 23
Let t(a) = -a + 4. Let i be t(-8). Suppose d - 2*d + 2*c + i = 0, 0 = 3*d + 3*c + 9. Suppose -33 = -d*x - 11. List the prime factors of x.
11
Suppose 3*c - 7 = 2*m - 0, -2*m - 5*c = -33. Suppose -m*p + 141 = t, t + 147 = 5*p - p. What are the prime factors of p?
2, 3
Let d be 72 - (2 + -1)*3. Suppose 5*u - 2*m = -31 - d, -5*u - 70 = 4*m. What are the prime factors of 6/27 - 446/u?
5
Let n be (-170)/5*-1 - 2. What are the prime factors of n + (0 - 3) - 4?
5
Let f(h) = -2*h**3 - h**2 - 17*h - 17. Let n(k) = -k**3 - 8*k - 8. Let c(z) = 6*f(z) - 13*n(z). What are the prime factors of c(7)?
5, 13
List the prime factors of 10/10 + 7*81.
2, 71
Suppose -2*b + b + 4 = 0. List the prime factors of 2/b*(-188)/(-1).
2, 47
Suppose 720*i = 743*i - 84893. List the prime factors of i.
3691
Let f = 526 + -263. What are the prime factors of f?
263
Suppose 2*l - 4*l = 5*h + 606, 5*l = -h - 112. Let x = -102 - h. What are the prime factors of x?
2, 5
Let z(t) = -t**3 - t - 1. Let s be z(-4). Suppose 5*c + 3*n = 389, 0 = -3*c + 2*c + 3*n + s. What are the prime factors of c?
2, 19
Let b = -1218 - -2422. List the prime factors of b.
2, 7, 43
Suppose 0 = 35*p - 40*p + 55. Suppose b - p + 6 = 0. What are the prime factors of b?
5
Let b(t) = -7*t - 16. Let n(r) = 18*r + 32. Let q(m) = -7*b(m) - 3*n(m). Let i be (-1 + -3)*(2 + 0). What are the prime factors of q(i)?
2, 7
Let m be ((-10)/8)/(9/216). What are the prime factors of (-1714)/m + (-14)/105?
3, 19
Let l be -122 + 3 + (64/(-4))/4. List the prime factors of -18*-2*l/(-18).
2, 3, 41
Let p = 20 - 13. Suppose -3*i + 8 = 2*h, i + 2*h - p = -3. Suppose 84 = i*u - n - 0*n, n - 162 = -4*u. What are the prime factors of u?
41
Suppose -217 = -5*c + 3*l, 2*c + 5*l - 94 = 8*l. Let v(j) = -2*j - 5. Let n be v(-4). Suppose n*a - 154 - c = 0. What are the prime factors of a?
5, 13
Suppose -2*j = -v - 61, -6*v + v + 2*j - 265 = 0. List the prime factors of ((-8)/12)/(1/v).
2, 17
Suppose -79*b + 73415 = -22333. What are the prime factors of b?
2, 3, 101
Let k = -731 - -1899. What are the prime factors of k?
2, 73
Suppose 2*u = -3*u + 20. Suppose 0 = 4*f - 2*l - 34, -3*l + 6 = 3*f - 24. Suppose -d = -r + u + f, 0 = -r - 3*d + 17. What are the prime factors of r?
2, 7
Suppose -44*v = -1761 - 7567. List the prime factors of v.
2, 53
Suppose 10*h - 2580 = 9*h + 4*k, 4*h = 2*k + 10334. List the prime factors of h.
2, 17, 19
List the prime factors of (-5 - 2512/(-12)) + (-1)/3.
2, 3, 17
Let u be ((-1)/1)/(4/(-28)). Let d be (4 - 8/4) + -24. Let f = u - d. What are the prime factors of f?
29
Suppose 893 = 5*c + 73. Suppose -2*x - 2*x = -c. Let n = x + -18. List the prime factors of n.
23
Let c(b) = b**2 - 14*b + 34. Let m be c(12). What are the prime factors of (((-2016)/20)/(-3))/(2/m)?
2, 3, 7
Suppose 4412 = 3*k - 5*r, -4*k + 3*r = 4*r - 5898. List the prime factors of k.
2, 11, 67
Let q = 15 - 14. Let k(a) = 0 + 1 - a + q - 7. What are the prime factors of k(-18)?
13
Suppose -5*a + 4441 = 2*q, 2*q - 4*q = a - 4429. List the prime factors of q.
2213
Let p(n) = 2*n**3 + 2*n**2 + 13*n. What are the prime factors of p(5)?
5, 73
Let l(c) = c**2 + 12*c + 14. Let u be l(-11). Suppose -2*t - 72 = 4*d, -33 = u*d + 2*t + 19. Let k = d - -52. List the prime factors of k.
2
Let n(h) = h**3 - 2*h**2 + h + 83 + h**3 - h**3. Let a = -3 - -3. What are the prime factors of n(a)?
83
Let a(r) = -7*r - 11. Let n be a(-3). Let h(o) = o**2 - 5*o. Let d be h(n). Let y = 100 - d. List the prime factors of y.
2, 5
Suppose 0 = 5*w - w - 248. Suppose -4*b + 0*p - 3*p = -82, -3*b + w = 2*p. What are the prime factors of b?
2, 11
What are the prime factors of 1936 + (-2 - 9/3)?
1931
Suppose -8*b + 4*b = -176. Suppose -14 - b = -q. What are the prime factors of q?
2, 29
Suppose 0 = 3*d + 2*m - 34, -d - m = 4*d - 52. Let p be 5/(d/14)*1. What are the prime factors of